4*g, 0 = d*g - 56*g - 5. What is the remainder when 141 is divided by v?
9
Suppose 4*j - 7 = 1. Suppose -27 = j*w - 77. Calculate the remainder when (-8)/(-80) - (-1978)/20 is divided by w.
24
Let d(x) = 14*x - 3. Let r be d(3). Suppose -3*q + r = -0*q. Let l = -44 + 81. What is the remainder when l is divided by q?
11
Let c(j) = 3*j**2 + 91*j + 103. What is the remainder when c(41) is divided by 185?
182
What is the remainder when 7/(7/(-834))*4/(-12) is divided by (20/15)/(6/63)?
12
Let g = -2 + 3. Suppose c + 4*n = 35, 0 = -3*c - n + 4*n + 75. What is the remainder when g/(1/204*4) is divided by c?
24
Suppose 17051 = 28*k + 733 - 2610. What is the remainder when k is divided by 78?
52
Suppose -2*r - 5*w - 665 = 0, 6*r - 3*r + 1015 = -4*w. Let y = -323 - r. Calculate the remainder when 69 is divided by y.
3
Let n(v) = -1. Let i(j) = -7*j + 24. Let m(u) = i(u) - 5*n(u). Calculate the remainder when m(-11) is divided by 24.
10
Suppose -3 = 4*b + 4*p + 17, -4*p - 11 = b. Let h be (-1 - (-469 - b))/1. Suppose 10*q - h = 5*q. Calculate the remainder when q is divided by 24.
21
What is the remainder when (7 + -6 - -344) + -2 + 7 + -5 is divided by 70?
65
Suppose 7*r = 2*y + 324, 5*r - 115 - 119 = 4*y. Calculate the remainder when r is divided by 15/18*2*15.
21
Suppose -17*a = -9*a - 8672. Calculate the remainder when a is divided by 136.
132
Let c(i) = -2*i - 3. Let h be c(-5). Suppose -h*v - 273 = -77. Let q = v + 49. Calculate the remainder when q is divided by 12.
9
Suppose 63 = 5*s - 4*a, -20 = 2*s - 86*a + 107*a. Suppose -2 + 35 = f. Calculate the remainder when f is divided by s.
0
Let v = -110 + 169. Suppose 216 = 35*q - 32*q + s, 4*q = -4*s + 288. Let h = q - v. What is the remainder when 36 is divided by h?
10
Suppose -5*h - 4*g + 8024 + 323 = 0, 3*g - 11704 = -7*h. Calculate the remainder when h is divided by 558.
1
Suppose 4*y + 7 = 31. Suppose 26*b - 2*b - 960 = 0. What is the remainder when b is divided by y?
4
Let t = 3534 - 3487. Let h(a) = -2*a + 7. What is the remainder when t is divided by h(0)?
5
Suppose -56*u + u + 124362 = 8*u. What is the remainder when u is divided by 64?
54
Suppose 0 = 5*z - 271 - 64. Let g(q) = -41*q + 9. Let s be g(-2). Suppose 51*r - 1009 = -s. What is the remainder when z is divided by r?
13
Let k(z) = 10*z + 37 - z**2 - 8*z + 11*z. Let d be k(17). Calculate the remainder when 121 is divided by (-1 - -3)*d/(-2).
28
Suppose 4*o = -3*x + 14, 11*o - 6*o = -2*x + 14. Let m(s) = -4*s + 32. Calculate the remainder when -2 + 86 - 2/2 is divided by m(x).
11
Suppose -22 = 8*t + 3*t. What is the remainder when 253 is divided by t/(-3) + (-151)/(-3)?
49
Suppose -2*m - 20 + 4 = 0. Let j = 136 - 158. Calculate the remainder when (1 - j/m)/(3/(-36)) is divided by 6.
3
Suppose 0 = -g - 3*z - 1, 4*g = -3*z + z + 16. Calculate the remainder when 258/4*4/3 is divided by 27 + g/10*-6.
14
Suppose 2*r = -6*r + 696. Suppose 2*d - 2*y - 95 = -11, 2*d = 3*y + r. What is the remainder when 153 is divided by d?
36
Suppose -8*s + 3*s = -75. Suppose s*v + 10*v = 1875. What is the remainder when v is divided by 20?
15
Suppose -14 = 2*u, -f + 2*f - 2*f - 9 = 4*u. Let x(r) = -r**3 + 9*r**2 - r - 3. What is the remainder when x(7) is divided by f?
12
Suppose -12 = 4*k + 3*c, k - 5*c - 20 = -2*k. Let q(x) = -27*x**2 + 30*x**2 - 2*x**2 + 44. What is the remainder when q(k) is divided by 9?
8
Let y be (28 - 31) + (-6)/4*-2. Let h(x) = x**3 + x**2 + 2*x + 109. Calculate the remainder when h(y) is divided by 59.
50
Let q(p) = p**2 - 1. Let l(w) = 4*w**2 + 5*w - 5. Let n(r) = l(r) - 3*q(r). What is the remainder when 91 is divided by n(-7)?
7
Let j(a) = -a**3 + 19*a**2 + 41*a + 25. Let d be j(21). Suppose -2*q = -3*b + 74, d*b + 3*q + 2 = 112. What is the remainder when 51 is divided by b?
25
Let m(a) = 14*a**2 - 10*a - 2. Calculate the remainder when m(-7) is divided by (-5313)/(-8855) - 414/(-10).
40
Let u be (-51)/(-15) + 6/(-15). Let j = u + 1. Let v(x) = -2*x**2 + 27*x + 238. What is the remainder when j is divided by v(-6)?
0
Let m = 3638 - 3620. Calculate the remainder when 2317 is divided by m.
13
Let k = -1864 - -1866. Let q = 4 + -22. What is the remainder when 14 is divided by (-9)/q*4*k?
2
Let r = 529 + -561. Let a(m) = 2*m + 76. Suppose 3*f - 2*o + 6*o = 537, -f + 179 = 4*o. What is the remainder when f is divided by a(r)?
11
Let c(f) = 10*f**2 - 1. Suppose 98 = 6*x - 4. Suppose -16 = -l - x. What is the remainder when 42 is divided by c(l)?
6
Let t(p) = 2*p**3 - 17*p**2 - 3*p + 103. What is the remainder when 1528 is divided by t(8)?
13
Let g(k) = 229*k**3 - k**2 - 4*k + 4. Let j be g(1). Suppose j = -7*x + 19*x. Calculate the remainder when 73 is divided by x.
16
Let h be (24/3)/((-2)/(-3)). Suppose 0*q - h = -3*q. Let c = q - -4. Calculate the remainder when 21 is divided by c.
5
Let w = -99 - -114. Let p(s) = -s**3 - 4*s**2 + 7. Let f be p(-5). Suppose -n - f = -5*n. Calculate the remainder when w is divided by n.
7
Suppose -458 = o + 2*g, -479 + 30 = o + 5*g. Let t = o + 478. What is the remainder when 81 is divided by t?
11
Suppose -z + 907 = 4*g, -51 - 1046 = -5*g + 4*z. What is the remainder when g is divided by 181?
44
Let a = -286 - -299. What is the remainder when (-6 + 2 - -66) + (1 - 1) is divided by a?
10
Suppose 0 = -33*g + 20*g - 2899. Let c = -65 - g. What is the remainder when c is divided by 16?
14
Suppose 2*y + 160 = 2*c, 15 = -6*y + 3*y. What is the remainder when c is divided by 4?
3
Let v be (-4 - 40/(4 - 0)) + -1. Let k(a) = 3*a + 103. What is the remainder when k(v) is divided by 20?
18
Let u(p) = 28*p**2 + 707*p + 37. What is the remainder when u(-26) is divided by 252?
79
Let p be ((4 - 7) + 2)/(1/(-713)). Suppose -g = q - 358, -q - q - 5*g = -p. What is the remainder when q is divided by 18?
17
Let m(o) = -8*o**2 - 103*o + 135. Calculate the remainder when 33 is divided by m(-14).
6
Suppose 3*u = 15, 4*y + 4*u - 196 - 16 = 0. What is the remainder when 91*-2*4/(-8) is divided by y?
43
Suppose r - 36 = 10*r. What is the remainder when 6 is divided by (r - -9)*2/5?
0
Let f(a) = 10*a**3 + a**2 - 9*a + 31. What is the remainder when f(2) is divided by 90?
7
Suppose -277 = 34*m + 1151. What is the remainder when (-188)/(-3)*(-63)/m is divided by 48?
46
Let h(c) = c**3 - 13*c**2 - 8*c + 5. Let r be h(6). Let d = -287 - r. Calculate the remainder when 76 is divided by d.
4
Suppose -113 = -4*f - 5*u, -u = 3*f - 75 - 18. Let k(h) = h**2 + 3522*h + 22. What is the remainder when f is divided by k(0)?
10
Calculate the remainder when 1364 is divided by 28/98 + (-3817)/(-42) + (-3)/18.
90
Let y(d) = d**2 - 22*d + 53. Let t be y(15). Let x = t + 76. Calculate the remainder when 54 is divided by x.
6
Let v(k) = 10*k + 15. Let f(j) = -9*j - 16. Let b(q) = 3*f(q) + 2*v(q). Suppose d = -4 + 22. What is the remainder when b(-7) is divided by d?
13
Suppose -56*n = -15*n - 98 - 3223. Calculate the remainder when 4613 is divided by n.
77
Let j(l) = 22*l + 4. Let m(i) = -i**2 + 5. Let w be m(0). Suppose -3*a - 3*k + 27 = 0, w*a + 4*k - 10 = 3*a. Calculate the remainder when j(2) is divided by a.
9
Suppose -6*t + 589 + 209 = 0. Let v = t - -39. What is the remainder when v is divided by 6?
4
Suppose 4*g + 2*y + 3*y - 247 = 0, 3*g - 3*y = 165. What is the remainder when 431 is divided by g?
25
Calculate the remainder when 48 is divided by 850/(-20)*(-4)/5.
14
Suppose y + 4*p - 64 = 0, y - 4*y + 142 = 2*p. Suppose y = 4*q + 12. Calculate the remainder when 54 is divided by q.
6
Let o(r) be the first derivative of 47*r**2 - 2*r + 1. Let f = -2901 + 2902. What is the remainder when o(f) is divided by 12?
8
Let q(o) = 1572*o**3 + 7*o**2 - 72*o + 208. What is the remainder when q(3) is divided by 31?
29
What is the remainder when 770 is divided by (-822 - 3)/(-11) + (-3 - 2)?
0
Suppose -3*w + 296 = 5*m, 2*m + 386 = 5*w - w. Let g = w - 24. Calculate the remainder when g is divided by 30.
13
Suppose t + 0*t = -12. Let a = -281 - -279. Calculate the remainder when 34 is divided by 15 + (t/a)/(-2).
10
Calculate the remainder when 1255 is divided by ((-13)/(-65))/((-3)/(-915)) - -6.
49
Let g = 19 - 82. Let l(t) = -2*t + 22. Let b be l(18). Let f = b - g. What is the remainder when f is divided by 9?
4
Suppose 3*y = 168 + 294. Le